 6*t = -4*r + 88, 20 = 4*t. What is the tens digit of r?
2
Suppose 0 = -5*a + 4*a - 2*u + 354, 0 = 2*u. What is the tens digit of a?
5
What is the units digit of (-2)/4*1 - (-325)/10?
2
Let p be (8/5)/(2/5). Suppose -x = -4*n + p, n - 4*n + 22 = 4*x. Suppose -3*h + 0*h = -2*o - 10, 0 = x*h + 4*o. What is the units digit of h?
2
What is the units digit of (-3)/2*(-4)/6?
1
Let r(t) = -4*t + 10. Let z be r(-12). Suppose 0*q + z = 2*q. What is the tens digit of q?
2
Suppose -m + 15 = -30. Suppose m + 10 = 5*z. What is the tens digit of z?
1
Suppose 0 = -5*j + 25, 3*z - 2*z - 1 = 5*j. Let v = z + -4. What is the units digit of v?
2
What is the tens digit of 123 - ((4 - 1) + -4)?
2
Let l(d) = -d**3 - 6*d**2 + 3*d - 1. What is the units digit of l(-7)?
7
Let g(t) = -4*t + 9. What is the units digit of g(-8)?
1
Let i(s) = -s**3 + 2*s**2 + s + 40. What is the tens digit of i(0)?
4
Suppose -20 = 2*d + 84. What is the units digit of (d/8)/(2/(-4))?
3
Let i be (-2)/10 - 12/(-10). What is the units digit of (-3)/((-3 + 0)/i)?
1
Let w be 5/2*14/5. Let x = -3 + w. What is the units digit of x?
4
Suppose 4*c - 119 = 3*n + 80, 0 = -c + n + 50. What is the tens digit of c?
4
Let u(g) = 170*g**2 - 4*g + 2. What is the hundreds digit of u(1)?
1
Let d = 17 - 12. Let f(i) = -i + 4. Let x be f(d). Let n = 8 + x. What is the units digit of n?
7
Suppose -2*m + 3*r + r + 110 = 0, 5*r = m - 67. What is the units digit of m?
7
Let k(l) = 4 - 3*l + 0*l - 16 + 4*l. Let n be k(5). What is the units digit of n/((-3)/(6 + -3))?
7
Let s be (3*(-2)/(-6))/1. Let a be -6*2*s/(-3). Suppose a*p = -1 + 9. What is the units digit of p?
2
Let j = 22 + -7. Let y = j - 8. What is the units digit of y?
7
Let p(z) = z**2 + 13*z + 5. What is the units digit of p(-13)?
5
Let v = -81 + 119. What is the units digit of v?
8
Suppose -3*w - 5*g + 37 = 0, -w = 2*w - 4*g + 8. Suppose 0 = 2*d - 3 - 1, 2*x - 3*d - 6 = 0. Let f = w + x. What is the units digit of f?
0
Let k(m) = -m**3 - 6*m**2 - 4*m + 5. Let s = -18 - -13. Let d be k(s). Suppose 2*c - 3 + 1 = d. What is the units digit of c?
1
Let v(b) = b + 6. Let s be v(-10). What is the units digit of (-105)/(-12) - 1/s?
9
What is the units digit of ((-30)/(-9))/((-2)/(-117))?
5
What is the units digit of (-1 - -2) + 3 + 15?
9
Let q be 44/(-36) + 2/9. Let d = 3 + q. What is the units digit of d?
2
Suppose 23 = 5*t - 22. What is the units digit of t?
9
Let d(s) = -s**2 - 5*s + 4. Let v be d(-6). Let c be (-14)/(-3) + v/3. Suppose -n + c*n = 21. What is the units digit of n?
7
Suppose -2*l - m + 198 = 0, -6*l + 504 = -l - 2*m. What is the hundreds digit of l?
1
Let q(n) = n**2 - 3*n - 1. Let z = 14 + -7. What is the units digit of q(z)?
7
Let m = 11 + -6. Suppose -m*u - 2*r + 20 = -4*r, 5*r = -5*u - 15. Suppose u*n = -n + 15. What is the units digit of n?
5
What is the tens digit of 12/(-4) + 4 + 17?
1
Suppose -r + b + 22 + 9 = 0, 0 = -4*r + 2*b + 134. Suppose -2*l = 2*l - r. Let y = l - 5. What is the units digit of y?
4
Let y(p) = -p**3 + 5*p**2 - 6*p + 2. Let d be y(4). Let o = -1 - d. Suppose -5*a = -o*z - 45, 0*a - a - 9 = 5*z. What is the units digit of a?
6
Let u(w) = w**2 + 4*w - 1. Let j be u(-3). Let k(q) = -q - 1. What is the units digit of k(j)?
3
Let a(o) = -o**3 + o**2 - 7*o + 13. What is the tens digit of a(-5)?
9
Let m = -59 + 83. Let s = 7 - 5. Suppose b - m = -s*b. What is the units digit of b?
8
Let s = -20 - -36. What is the units digit of s - 2*8/4?
2
Suppose r = -11 + 3. Let y(u) = u**3 + 8*u**2 - u - 3. Let d be y(r). Suppose -d*l - 3*s - 3 + 38 = 0, -4*s + 20 = 4*l. What is the tens digit of l?
1
Let t(d) = 3*d - 4. Let k(l) = l. Let y(p) = 4*k(p) + t(p). What is the tens digit of y(3)?
1
Let p(j) be the second derivative of 5*j**3/6 - j**2/2 + 2*j. What is the units digit of p(5)?
4
Suppose -3*i - 5 + 23 = 0. Suppose 4*m + 4 = i*m. Suppose 0*d = -m*d + 18. What is the units digit of d?
9
Let a(p) = 4*p**3 - 6*p**2 + p + 3. Let b(h) = 9*h**3 - 13*h**2 + 3*h + 7. Let y(z) = 7*a(z) - 3*b(z). Let g be 1/(2/8)*1. What is the units digit of y(g)?
8
Let r be 1 + (5/10)/((-1)/6). Let x(y) = -y + 3. Let k be x(-6). Let n = k + r. What is the units digit of n?
7
Suppose -2*k = 2*y - 20, -y = -5*k + k + 15. Suppose -k*z = -5*w - 25, w + 0*w + 3*z = 15. Suppose 0 = -w*u - 3*u + 6. What is the units digit of u?
2
Let i(l) be the third derivative of l**6/120 + l**5/12 + 2*l**3/3 - 4*l**2. What is the units digit of i(-5)?
4
Suppose -3*f = -7*f + 44. Let k = f - 9. What is the units digit of k?
2
Let l(h) = -h**3 + 7*h**2 + 11*h. What is the tens digit of l(8)?
2
Let h be (-4)/(-10) + (-24)/(-15). What is the units digit of (0 + -2)*h/(-4)?
1
What is the units digit of 4 + (-2)/(-6)*453?
5
Let h(j) = 1 - j**2 + 0 + 2*j**2 + 0. What is the units digit of h(0)?
1
Let h = -6 - 2. Let a be (-285)/(-20) - 6/h. Let b = -6 + a. What is the units digit of b?
9
Let f = 11 + -5. Let g(k) = 2 - 8*k + 0*k - k**2 - f. What is the units digit of g(-6)?
8
Let w be (0 - -1) + 2/(-2). Let y be (w/(4/(-2)))/(-2). Suppose y*t + 2*v + 3 = -3*t, -2*v - 11 = -5*t. What is the units digit of t?
1
Let x be 16/7 - (-4)/(-14). What is the units digit of (-3)/(x + 105/(-48))?
6
Suppose 0*c + 3*c = -2*m + 37, 3*m = -4*c + 51. What is the units digit of c?
9
Let s be 6/10 - 672/(-30). Suppose -s = 2*o - 183. Suppose -4*x + o = x. What is the units digit of x?
6
Suppose -22 = -17*t + 15*t. What is the tens digit of t?
1
Suppose 3*t - 2 - 10 = 0. Suppose t*h - 5*h = 0. Suppose -71 = -h*z - 5*z + 3*j, 3*j = -3*z + 57. What is the units digit of z?
6
Let z(d) be the first derivative of -d**4/4 - d**2/2 + 2*d + 1. What is the units digit of z(-2)?
2
Suppose -2*b - 24 = 2*b. Let a be b/(-21) - 40/(-7). Suppose 0 = 4*g - a*g + 2. What is the units digit of g?
1
Let d be ((-2)/1)/(-2) + 0. Let r = d - 5. What is the units digit of (-3)/2*8/r?
3
Suppose -3*x + 42 = 3*x. Let r(p) = 5*p**2 + 3*p. Let o be r(-2). What is the units digit of 9/x + (-4)/o?
1
Let o be 3 - 2*16*-1. Let z = o - 19. What is the units digit of z?
6
Let t = 87 - -63. What is the hundreds digit of t?
1
Let f(r) = -r + 4. Let u be f(-6). Suppose -u - 10 = -z. What is the tens digit of z?
2
Let s(w) = -4*w + 11. What is the tens digit of s(-6)?
3
Suppose -6 = z - 4*z. Let w(i) = -2*i + 4. Let t be w(-5). Suppose 3*c = 2*b + 26, -c + t = 3*b - z. What is the units digit of c?
0
Let k be (-7 - -5)*18/4. Let x(y) = -y**3 - 9*y**2 - y + 2. What is the tens digit of x(k)?
1
Let j be (6 + -5)*0/2. What is the units digit of 117/(-26)*(-12 - j)?
4
Let u be (3 - 2)*-2 - -13. What is the tens digit of (u/(-1) - 2)/(-1)?
1
Let j(m) = -4*m + 6. Let z(y) = -4*y + 6. Let f(u) = -5*j(u) + 4*z(u). What is the units digit of f(11)?
8
Let j(i) = -57*i - 4. What is the hundreds digit of j(-3)?
1
Suppose 0 = -5*j + 6 + 9. Suppose 13*a = 14*a. Let k = j - a. What is the units digit of k?
3
Let g(x) be the third derivative of -x**5/60 + x**4/24 - 3*x**2. Let n be g(2). What is the units digit of 1*(0 - (n + -1))?
3
Suppose -3*p = -8*p + 5. Let z(j) = 25*j**3. What is the tens digit of z(p)?
2
Let l be (-6)/(-4)*8/6. Let w = 2 + l. What is the units digit of (-3)/(-6)*w + 7?
9
Suppose 16 = 3*x + x. Suppose 3*j - j + 2*b - 10 = 0, 2*j - x*b = -20. Suppose -n - n + v + 3 = j, -3*n - 2*v + 15 = 0. What is the units digit of n?
3
Suppose -3*r - 4 = -1, -3*s + 2*r + 233 = 0. What is the units digit of s?
7
Suppose i - 5*h - 3 = 2*i, -2*h = -5*i + 12. What is the units digit of i?
2
Let d = 317 + -163. What is the tens digit of d?
5
What is the units digit of -1*1175/(-10)*2?
5
Suppose 5*k + 12 = -93. What is the units digit of 4/(-3 - k/6)?
8
Let n = 3 + -1. Suppose -3*w + 24 = -n*k, -4*w + 2*w + k + 17 = 0. What is the units digit of w?
0
Let l(h) = 3*h**2 + 5*h - 10. What is the units digit of l(5)?
0
Let x(d) = d**2 - 8*d - 40. What is the units digit of x(-10)?
0
Let b be 0 + (120/3 - 3). Let a = b - 61. What is the units digit of (a/(-10))/((-24)/(-160))?
6
Let f(o) = -2*o + 12 + 2*o + 4*o. What is the units digit of f(6)?
6
Let r be ((-44)/55)/(2/30). Let y = 15 + r. What is the units digit of y?
3
Suppose -8 = -d + 5*u + 8, 5*d = 5*u + 80. What is the tens digit of d?
1
Let z = -3 - -9. Let l(j) = j**3 + 5*j**2 + 4*j + 6. 